st common factor of 22092 and 348?
12
What is the greatest common divisor of 1216 and 61332?
76
Calculate the greatest common divisor of 1053 and 699660.
117
What is the greatest common factor of 197726 and 1308?
218
What is the highest common factor of 14859 and 247?
13
Calculate the highest common divisor of 1739 and 25049.
37
Calculate the greatest common factor of 623 and 3402826.
623
Calculate the greatest common divisor of 993 and 100955.
331
Calculate the highest common divisor of 10788 and 930.
186
Calculate the greatest common factor of 18 and 18014.
2
What is the greatest common factor of 550 and 71280?
110
What is the greatest common divisor of 44 and 146113?
11
What is the greatest common divisor of 273 and 136409?
91
What is the greatest common divisor of 2092 and 103031?
523
Calculate the greatest common divisor of 107 and 335766.
107
Calculate the highest common factor of 1464084 and 24.
12
Calculate the greatest common factor of 125 and 85.
5
What is the greatest common divisor of 20 and 1045?
5
What is the highest common factor of 80535 and 546?
273
What is the greatest common divisor of 3380 and 364?
52
Calculate the highest common divisor of 18070 and 117.
13
Calculate the greatest common divisor of 57 and 1828009.
19
What is the greatest common divisor of 14915 and 175840?
785
What is the highest common factor of 592790 and 4438?
634
What is the highest common factor of 200419 and 203?
29
Calculate the greatest common factor of 39226 and 6226.
22
What is the greatest common divisor of 181831 and 13?
13
Calculate the greatest common factor of 1671529 and 59.
59
What is the highest common divisor of 67 and 4288?
67
What is the highest common factor of 43785 and 4170?
2085
What is the greatest common factor of 127824 and 512?
16
Calculate the greatest common factor of 1066 and 26494.
26
Calculate the greatest common factor of 428 and 295748.
428
What is the greatest common factor of 83496 and 840?
168
What is the highest common divisor of 4322 and 16?
2
Calculate the greatest common divisor of 16 and 6872.
8
What is the highest common divisor of 171842 and 114026?
1606
Calculate the greatest common divisor of 2255 and 399955.
205
Calculate the highest common divisor of 76776 and 18312.
168
Calculate the highest common divisor of 85660 and 35.
5
What is the highest common divisor of 9065 and 185?
185
Calculate the highest common factor of 4135 and 15.
5
What is the highest common divisor of 200 and 44500?
100
Calculate the greatest common divisor of 224159 and 1604.
401
What is the greatest common factor of 2508708 and 132?
12
Calculate the greatest common factor of 89964 and 32340.
588
What is the greatest common factor of 3006 and 299932?
334
What is the greatest common divisor of 4 and 4358?
2
Calculate the highest common divisor of 192 and 423744.
192
Calculate the highest common factor of 403 and 1552759.
403
Calculate the greatest common factor of 123 and 4113.
3
What is the greatest common factor of 68700 and 11100?
300
Calculate the greatest common factor of 448980 and 24.
12
What is the highest common divisor of 98394 and 391?
23
Calculate the greatest common factor of 6480 and 285.
15
Calculate the greatest common divisor of 262 and 733600.
262
What is the highest common factor of 36 and 3943224?
36
What is the highest common divisor of 20 and 4528?
4
What is the highest common divisor of 148 and 435194?
74
What is the highest common divisor of 7326 and 47124?
198
What is the greatest common factor of 35 and 4066195?
35
What is the highest common divisor of 48253 and 292?
73
What is the highest common divisor of 5915334 and 1594?
1594
What is the highest common factor of 112 and 1310176?
112
Calculate the greatest common factor of 147075 and 795.
795
Calculate the highest common factor of 8694 and 1708.
14
Calculate the highest common factor of 606876 and 24.
12
What is the greatest common divisor of 101277 and 186651?
837
Calculate the greatest common divisor of 9266 and 9718.
226
Calculate the greatest common factor of 35 and 7030.
5
What is the highest common factor of 65265 and 171?
57
Calculate the highest common factor of 3944 and 173043.
493
Calculate the greatest common divisor of 47821 and 68.
17
Calculate the greatest common factor of 8482431 and 1002.
501
Calculate the greatest common divisor of 19 and 23921.
19
What is the greatest common factor of 904 and 41560?
8
What is the greatest common factor of 42578 and 122?
122
Calculate the greatest common divisor of 21 and 108153.
3
Calculate the greatest common divisor of 57 and 2648847.
57
What is the greatest common factor of 8210633 and 37?
37
Calculate the highest common divisor of 4161722 and 95.
19
Calculate the greatest common factor of 656 and 574.
82
Calculate the highest common factor of 14 and 27818.
14
What is the greatest common divisor of 4671 and 2241?
27
Calculate the greatest common factor of 98 and 132055.
49
What is the highest common divisor of 10329 and 363?
33
What is the highest common divisor of 3120 and 41520?
240
What is the highest common divisor of 4199 and 26?
13
What is the greatest common factor of 3 and 112107?
3
Calculate the greatest common divisor of 278189 and 283.
283
What is the greatest common factor of 3876 and 680?
68
What is the greatest common factor of 98175 and 4025?
175
What is the highest common factor of 138 and 8740?
46
What is the greatest common divisor of 1190 and 9421230?
1190
What is the highest common factor of 79249 and 12255?
817
Calculate the highest common divisor of 125 and 659625.
125
What is the greatest common divisor of 14309 and 233481?
349
Calculate the highest common divisor of 69917 and 9557.
503
Calculate the highest common factor of 837 and 8928.
279
Calculate the greatest common factor of 23440 and 980085.
1465
What is the greatest common factor of 49704 and 1520?
152
What is the greatest common factor of 23457 and 9?
3
What is the greatest common divisor of 2544 and 454528?
848
What is the highest common divisor of 42 and 693896?
14
What is the greatest common divisor of 3680 and 82455?
115
Calculate the greatest common factor of 8910 and 20250.
810
What is the greatest common factor of 768726 and 1134?
126
What is the greatest common divisor of 1455 and 225?
15
Calculate the greatest common factor of 47145 and 1995.
105
What is the highest common factor of 344455 and 75?
5
Calculate the greatest common factor of 3537254 and 1228.
614
What is the highest common factor of 50 and 15325?
25
What is the highest common divisor of 20830 and 5?
5
What is the highest common divisor of 3397 and 215?
43
What is the greatest common factor of 4122 and 6894?
18
What is the highest common factor of 7973 and 12529?
1139
What is the greatest common factor of 45 and 49125?
15
Calculate the highest common factor of 2076 and 384.
12
Calculate the highest common factor of 24402 and 85158.
498
What is the highest common divisor of 21 and 2083683?
21
What is the highest common divisor of 48 and 51771?
3
Calculate the highest common factor of 455 and 5447.
13
What is the highest common divisor of 3633 and 63?
21
What is the greatest common divisor of 16983 and 102?
51
Calculate the greatest common divisor of 4950 and 17910.
90
Calculate the greatest common divisor of 7232 and 1280.
64
Calculate the highest common divisor of 14208 and 4768.
32
Calculate the greatest common factor of 545 and 1340.
5
What is the highest common divisor of 1600 and 1408?
64
Calculate the highest common divisor of 132 and 180147.
33
Calculate the highest common factor of 785 and 24086940.
785
Calculate the highest common factor of 11022 and 66466.
334
What is the greatest common factor of 52029 and 82?
41
What is the highest common divisor of 5850 and 6669?
117
Calculate the greatest common factor of 59 and 76287.
59
What is the greatest common divisor of 20384 and 479752?
728
What is the highest common factor of 28710 and 220?
110
What is the greatest common factor of 96 and 1424064?
96
Calculate the greatest common divisor of 1578555 and 15.
15
What is the highest common factor of 112308 and 3528?
588
What is the highest common factor of 1700 and 4709850?
850
Calculate the greatest common divisor of 540018 and 7895.
1579
Calcul